*2 - 4*p - 6. Let o(b) = -b**2 + 4*b + 7. Let c be (-3)/(-1)*35/21. Let x(i) = c*a(i) + 4*o(i). What is the tens digit of x(6)?
1
Suppose -84 + 8 = -2*n. Let f be (12 + n)/(-1*2). Let k = 63 + f. What is the units digit of k?
8
Let b = 6934 + -3796. What is the thousands digit of b?
3
Let a(w) = -w**3 + 15*w**2 - 15*w + 13. Let y be a(14). Let n = y - -7. Suppose n*i - 36 = 3*i. What is the units digit of i?
2
Let z(m) = -m - 2. Let r be z(0). Let s be 2/(r - 0)*-11. Suppose i + 2 = -2*y, -5*y - i = 3*i + s. What is the units digit of y?
1
Suppose -2*r - 1 = -r. What is the units digit of (3 + r)*(-58)/(-4)?
9
Suppose -18*h + 49*h - 130231 = 0. What is the thousands digit of h?
4
Let i(o) = 8*o**2 + 47*o - 457. What is the hundreds digit of i(10)?
8
Let t be ((-9)/2)/((-7)/(-14))*-1. Suppose -t*r = -1017 - 171. What is the units digit of r?
2
Let a(g) = -2*g**2 + 9*g. Let o be a(4). Let x(m) = 16*m - 4. Let h be x(o). Let l = 101 - h. What is the tens digit of l?
4
Suppose 0 = -r + 5*g + 1232, 8723 = 5*r - g + 2659. What is the units digit of r?
2
Suppose 0 = i + 6 - 5. What is the tens digit of 5 + i + (-188)/(-4)?
5
Suppose -u + 12 = 4*u - 3*k, 3*u - 14 = -5*k. Suppose 0 = -4*j + u*v + 260, 99 = 2*j - 2*v - 29. What is the tens digit of j?
6
Suppose -3*p + p - y + 392 = 0, -5*y + 602 = 3*p. Suppose t - g + 30 = 82, 0 = -4*t - 3*g + p. Suppose -6*m + t = 2. What is the units digit of m?
8
Let n = -73 + 80. What is the hundreds digit of (-1 - (-894)/n) + (-34)/(-119)?
1
Suppose -d = -5*p + 1315, -612 - 149 = -3*p - 5*d. Let b = -169 + p. Let c = b + -39. What is the tens digit of c?
5
Let t(a) be the first derivative of 28*a**3/3 - 2*a**2 - 3*a + 26. What is the units digit of t(-2)?
7
Let o = -2 - -12. Suppose -15*q + 15 = -o*q. What is the units digit of q?
3
Let f = -127 + 202. Let t be 7 + -3*(-2)/(-6). Suppose 3*s - t - f = 0. What is the units digit of s?
7
Let c = 8 - 6. Let m(f) = 14*f + 2. Let a be m(c). Let x = a - 6. What is the units digit of x?
4
Let y = -2 + 10. Suppose 13 = x - y. Suppose -w + x = 2*w. What is the units digit of w?
7
Suppose 4*c = -5*y + 367, 3*y + 18 - 237 = -3*c. What is the units digit of y/(-10)*(-80)/6?
0
Suppose -f - 33*f = -45152. What is the tens digit of f?
2
What is the tens digit of -11*(1085/(-7) - 8)?
9
Let b be 51/(-21) + (-3)/(-7). Let x be ((-2)/3)/(b/(-3)). What is the units digit of 1 - x - (-1 - 16)?
9
Suppose -4*y + 0 - 16 = 0. Let k(m) = m**2 + 4*m. Let s be k(y). What is the units digit of (3 + s)/(3 + 0)?
1
Suppose -3*m + 5*d + 202 + 277 = 0, 4*d - 334 = -2*m. What is the tens digit of m?
6
Let y(l) = -l**3 - 3*l**2 + 15*l - 8. Let b = 21 + -28. What is the units digit of y(b)?
3
Suppose -2*p - 95 = -u, -3*u + p - 190 = -5*u. Suppose -4*t - 197 = -5*j, 4*t + 3*j + u = -94. Let f = -30 - t. What is the tens digit of f?
1
Suppose -2*i + 8 = -4*h, -4*i + 0*h + 6 = 2*h. Suppose s = -i*s + 99. What is the units digit of s?
3
Suppose 0*n - 390 = -5*n. Suppose 17 = 4*v - 3. Suppose v*s - 32 = n. What is the tens digit of s?
2
Let s = -4 + -3. Let a(z) = z + 10. Let w be a(s). Suppose -3*b = -b - 4*q - 28, -w*b + 40 = -5*q. What is the units digit of b?
0
What is the tens digit of (3 - 11)*42/(-8)?
4
Let q(s) = 12 + 19*s**2 - 6*s + 5 - 18*s**2 - 3*s. What is the units digit of q(12)?
3
Let f = 27 + -10. Suppose -4*j + 4 = -4*b, 6*j - 2*b = j + f. What is the units digit of 3 - (-3 + j - 27)?
8
Suppose -9*g - 30 = -12*g. Suppose 4*s + 2*t = 74, -s - 4*t + 12 + g = 0. What is the units digit of s?
8
Suppose -b - 1048 = -5*b. Let o = b - 71. What is the tens digit of o?
9
Let t(z) = 26*z - 54. Let y be t(3). Let v be (-10)/(-6)*(1 - -2). Suppose 0 = -h - v + y. What is the tens digit of h?
1
Let r = 74 + -68. What is the tens digit of 82 - (-8)/(-6)*(-9)/r?
8
Suppose 4*l + 5*n = 2*l + 254, n + 364 = 3*l. Suppose -4*z - 3*k + 180 = 0, z - 96 = -z - 3*k. What is the tens digit of (l + 1)*14/z?
4
Suppose 25 = -4*v - 23. Let n(g) = g**2 + 4*g + 27. What is the tens digit of n(v)?
2
Let s be ((-8)/20)/(1/(-10)). Let w(d) = 3*d**2 - 2 + s*d**2 + 4 + 4*d - 8*d**2. What is the units digit of w(4)?
2
Let d(q) = q**3 + 75*q**2 - 14*q - 55*q**2 + 10 - 35*q**2. What is the units digit of d(16)?
2
What is the units digit of 12/14 + 12045/35?
5
Let w(x) be the third derivative of x**5/60 + x**4/3 + 10*x**3/3 + 4*x**2. Let a be (-7 - -10) + 0 + -12. What is the units digit of w(a)?
9
Suppose 0 = j - 0*j - 13. Let r be 1*-6 - (j + -15). Let y = 13 + r. What is the units digit of y?
9
Suppose 3*l - 41 = -2*r - 2, -5*r - 29 = -4*l. Suppose -l*o + 633 = -8*o. What is the tens digit of o?
1
Let w(p) = -p**3 - 5*p**2 + 5*p + 2. Let z be w(-6). Suppose -8 = -z*v + 4*v. Let s = 13 + v. What is the tens digit of s?
1
Let b(v) = 10*v - 15. Let n be b(10). Suppose -3*q - n = -8*q. Let m = q - 10. What is the units digit of m?
7
Let w = -220 - -1817. What is the units digit of w?
7
Let y = -731 - -1790. What is the tens digit of y?
5
Let s = -41 - -12. Let z = s - -73. What is the tens digit of (-3)/(3/1) + z?
4
Let a = 123 - 114. Suppose -a*y + 15*y - 666 = 0. What is the tens digit of y?
1
Let t(u) = -u**2 - 8*u + 4. Let j be (-6)/9*(-189)/(-14). Let r be t(j). Let a = r - -44. What is the units digit of a?
9
Let q(z) be the first derivative of z**3/3 - 2*z**2 + 3*z - 10. Let i be q(4). Suppose -5*b + 113 = -4*m - 0*m, m = -i*b + 61. What is the tens digit of b?
2
Suppose 0 = -l - 4*l + 15. Suppose -4*w = 8, 0 = l*j + w + 4*w + 49. Let h = j - -23. What is the units digit of h?
0
Let d(u) be the first derivative of -u**4/24 + 5*u**3/2 - 9*u**2/2 + 1. Let t(w) be the second derivative of d(w). What is the tens digit of t(0)?
1
Let t(o) = -2*o - 1272. Let j be t(0). Let w be 22/(-10) - (-3)/15. What is the units digit of w/(-8) + j/(-32)?
0
Let x(i) = -3*i - 41. Let m be 60/9*(-1 + -2). What is the tens digit of x(m)?
1
Let k = 1953 + -1412. What is the hundreds digit of k?
5
Let y = 2877 + -1976. What is the units digit of y?
1
Let k = 9 - 7. Let m be (3/(-1) + k)*0. What is the tens digit of (52 + m)/(2 + 0)?
2
Suppose -5*k + 8509 = -4*w + 249, -2*k - w = -3291. Suppose -k = -9*c + c. What is the tens digit of c?
0
Let h be 7*3/(-3) - -5. What is the units digit of h/15 - 19488/(-360)?
4
Let k(f) = 105*f - 96. What is the tens digit of k(14)?
7
Let a(f) = 1679*f**2 + f + 2. What is the units digit of a(1)?
2
Suppose -4*v - 27 = -451. What is the units digit of v?
6
Let l be 2/(-9) - 87/(-27). Let j(x) = -l*x + 48 + 0 + 5*x - 14. What is the units digit of j(16)?
6
Suppose -49*b + 119794 = -26079. What is the tens digit of b?
7
Let u(t) = t + 24. Let w be u(-13). Let x(h) = 3*h - 18. What is the units digit of x(w)?
5
Suppose 29*c - 37259 - 33559 = 0. What is the thousands digit of c?
2
Suppose 304 = u - 175. What is the tens digit of u?
7
What is the tens digit of (-3)/(6*(-5)/5260)?
2
Let k = 14 - 11. Suppose -2*f + k*b = 2, -3*b - 8 = -4*f - 0*f. Suppose 0 = v - 36 + f. What is the units digit of v?
1
Suppose -6*s - 19 = 23. What is the tens digit of (0 - -113) + (-4 - s)?
1
Let i(t) = t**3 - 8*t**2 + 4*t - 10. Let l be i(5). Let c = l + 292. What is the tens digit of c?
2
Let v = 1027 + 1331. What is the units digit of v?
8
What is the units digit of (4 + 615/(-9))/((-1)/3)?
3
Let t = 18 + -15. Let x(w) = 8*w + 0 - w**t + 0*w - 1 + 6*w**2. What is the units digit of x(7)?
6
What is the tens digit of (-6 + (-112)/(-24))/(2/(-7173))?
8
Suppose -5*p + o + 4*o = -270, 5*o = p - 34. Let r = -42 - -18. Let n = p + r. What is the tens digit of n?
3
Suppose -2*c - 858 = -v, -27*c + 24*c = -3*v + 2577. What is the tens digit of v?
6
Let o(v) be the first derivative of 2*v**3/3 - 3*v**2/2 - 5*v - 173. Let t(d) = -d**3 - d**2 + d + 6. Let r be t(0). What is the units digit of o(r)?
9
Suppose 9*u + 1030 = 14953. What is the units digit of u?
7
Let c(r) = r**3 - 2*r**2 - 5*r. Let d be c(4). Let q(v) = -d - v - v + v - v. What is the units digit of q(-9)?
6
Suppose -2*g = g. Let y(s) = s**3 - s**2 + s + 2. Let f be y(g). Suppose 33 - 3 = f*w. What is the units digit of w?
5
Let r = -35 + 37. Let c(w) = 4*w**r + 3 - 2*w + 2*w - 5*w**2. What is the units digit of c(0)?
3
Let t(r) = r**2 + 9*r + 9. Let l = 38 - 31. What is the units 